2?
0
What is the thousands digit of 669197?
9
What is the thousands digit of 3694414?
4
What is the ten millions digit of 10759178?
1
What is the tens digit of 255372?
7
What is the ten thousands digit of 3053152?
5
What is the hundred thousands digit of 11937813?
9
What is the ten millions digit of 19102766?
1
What is the hundreds digit of 1449200?
2
What is the tens digit of 150854?
5
What is the hundreds digit of 25052668?
6
What is the tens digit of 3435649?
4
What is the ten thousands digit of 593108?
9
What is the units digit of 384434?
4
What is the ten millions digit of 27763964?
2
What is the units digit of 2498683?
3
What is the ten thousands digit of 28036751?
3
What is the thousands digit of 2541097?
1
What is the hundreds digit of 1723629?
6
What is the thousands digit of 16595728?
5
What is the tens digit of 5433840?
4
What is the millions digit of 23775965?
3
What is the millions digit of 10709792?
0
What is the hundreds digit of 2578779?
7
What is the units digit of 512536?
6
What is the ten thousands digit of 1384384?
8
What is the thousands digit of 136901?
6
What is the thousands digit of 4199966?
9
What is the tens digit of 6362779?
7
What is the ten thousands digit of 135087?
3
What is the units digit of 2038069?
9
What is the hundreds digit of 1341023?
0
What is the units digit of 12973406?
6
What is the hundred thousands digit of 2063685?
0
What is the units digit of 333868?
8
What is the thousands digit of 206594?
6
What is the hundred thousands digit of 4396852?
3
What is the tens digit of 33028?
2
What is the thousands digit of 127330?
7
What is the units digit of 2900112?
2
What is the hundreds digit of 5189397?
3
What is the hundred thousands digit of 848609?
8
What is the units digit of 4827807?
7
What is the hundreds digit of 590478?
4
What is the units digit of 873658?
8
What is the hundred thousands digit of 200150?
2
What is the millions digit of 19117680?
9
What is the hundreds digit of 2917371?
3
What is the ten thousands digit of 22221212?
2
What is the tens digit of 2106120?
2
What is the hundreds digit of 7739919?
9
What is the tens digit of 120694?
9
What is the hundreds digit of 650264?
2
What is the hundreds digit of 2795772?
7
What is the tens digit of 1752761?
6
What is the tens digit of 586702?
0
What is the millions digit of 5794371?
5
What is the hundred thousands digit of 3998671?
9
What is the units digit of 214957?
7
What is the units digit of 1944295?
5
What is the thousands digit of 27246778?
6
What is the hundreds digit of 2903795?
7
What is the hundreds digit of 9968413?
4
What is the hundred thousands digit of 3401642?
4
What is the hundreds digit of 481079?
0
What is the ten thousands digit of 543689?
4
What is the hundred thousands digit of 694720?
6
What is the hundreds digit of 362703?
7
What is the hundred thousands digit of 24477708?
4
What is the units digit of 50141?
1
What is the units digit of 5504270?
0
What is the millions digit of 3586695?
3
What is the hundred thousands digit of 6000690?
0
What is the thousands digit of 525906?
5
What is the tens digit of 1645212?
1
What is the ten thousands digit of 132736?
3
What is the hundred thousands digit of 7442426?
4
What is the ten thousands digit of 1606614?
0
What is the hundreds digit of 151693?
6
What is the hundred thousands digit of 406925?
4
What is the millions digit of 4925119?
4
What is the thousands digit of 940952?
0
What is the hundreds digit of 1713998?
9
What is the units digit of 2478623?
3
What is the thousands digit of 5030362?
0
What is the ten thousands digit of 29041964?
4
What is the thousands digit of 1035611?
5
What is the thousands digit of 66642?
6
What is the hundred thousands digit of 638632?
6
What is the thousands digit of 2316583?
6
What is the tens digit of 1940223?
2
What is the thousands digit of 2199725?
9
What is the thousands digit of 1889983?
9
What is the ten thousands digit of 933544?
3
What is the thousands digit of 2079714?
9
What is the thousands digit of 1705743?
5
What is the units digit of 194083?
3
What is the tens digit of 38741?
4
What is the hundred thousands digit of 12717233?
7
What is the millions digit of 1065919?
1
What is the tens digit of 4695348?
4
What is the units digit of 578082?
2
What is the tens digit of 246674?
7
What is the units digit of 209185?
5
What is the thousands digit of 6824529?
4
What is the tens digit of 185546?
4
What is the millions digit of 7817472?
7
What is the ten thousands digit of 166094?
6
What is the units digit of 188728?
8
What is the thousands digit of 381742?
1
What is the units digit of 51550?
0
What is the ten thousands digit of 155873?
5
What is the hundred thousands digit of 37612818?
6
What is the millions digit of 8174972?
8
What is the hundred thousands digit of 697595?
6
What is the hundred thousands digit of 3492272?
4
What is the hundreds digit of 245727?
7
What is the tens digit of 1224760?
6
What is the units digit of 91451?
1
What is the hundred thousands digit of 292920?
2
What is the hundred thousands digit of 11792104?
7
What is the thousands digit of 23710248?
0
What is the ten thousands digit of 2134429?
3
What is the tens digit of 30482217?
1
What is the ten millions digit of 27022572?
2
What is the tens digit of 268963?
6
What is the hundred thousands digit of 4270214?
2
What is the hundred thousands digit of 352339?
3
What is the millions digit of 15813782?
5
What is the units digit of 16728677?
7
What is the hundreds digit of 526489?
4
What is the units digit of 27765?
5
What is the tens digit of 427130?
3
What is the hundreds digit of 626014?
0
What is the units digit of 206749?
9
What is the hundred thousands digit of 1558989?
5
What is the hundreds digit of 1263215?
2
What is the tens digit of 241743?
4
What is the hundreds digit of 3494075?
0
What is the hundred thousands digit of 1955570?
9
What is the thousands digit of 2801961?
1
What is the hundred thousands digit of 5503149?
5
What is the ten thousands digit of 421791?
2
What is the hundred thousands digit of 3690235?
6
What is the hundreds digit of 857557?
5
What is the millions digit of 7815594?
7
What is the hundreds digit of 6840921?
9
What is the thousands digit of 19719712?
9
What is the ten thousands digit of 1719879?
1
What is the units digit of 25222993?
3
What is the hundred thousands digit of 9417607?
4
What is the millions digit of 2360957?
2
What is the thousands digit of 2152048?
2
What is the thousands digit of 466380?
6
What is the units digit of 186512?
2
What is the tens digit of 25314515?
1
What is the ten millions digit of 18441158?
1
What is the hundreds digit of 2985182?
1
What is the tens digit of 9179531?
3
What is the thousands digit of 214819?
4
What is the hundred thousands digit of 124367?
1
What is the hundreds digit of 6979262?
2
What is the ten thousands digit of 1646181?
4
What is the tens digit of 1441250?
5
What is the hundred thousands digit of 2043145?
0
What is the tens digit of 13520996?
9
What is the ten thousands digit of 1440595?
4
What is the units digit of 3130044?
4
What is the tens digit of 5687920?
2
What is the ten thousands digit of 1728153?
2
What is the ten thousands digit of 263113?
6
What is the thousands digit of 9849270?
9
What is the millions digit of 2959933?
2
What is the tens digit of 39000282?
8
What is the thousands digit of 1005356?
5
What is the ten thousands digit of 7351954?
5
What is the tens digit of 3120076?
7
What is the tens digit of 2256279?
7
What is the units digit of 217431?
1
What is the hundreds digit of 592810?
8
What is the hundred thousands digit of 29304725?
3
What is the hundreds digit of 10016670?
6
What is the units digit of 17363?
3
What is the tens digit of 115269?
6
What is the ten thousands digit of 1255627?
5
What is the tens digit of 19678375?
7
What is the tens digit of 1376654?
5
What is the hundred thousands digit of 981728?
9
What is the hundred thousands digit of 3485693?
4
What is the hundred thousands digit of 12680264?
6
What is the units digit of 882189?
9
What is the hundreds digit of 29105?
1
What is the ten thousands digit of 747245?
4
What is the thousands digit of 3718795?
8
What is the hundreds digit of 10376326?
3
What is the hundred thousands digit of 2976